+ 3. What is the remainder when s is divided by b(v)?
1
Let a = -1342 - -1446. What is the remainder when a is divided by 28?
20
Suppose 176 - 59 = 3*q. Calculate the remainder when q is divided by 12.
3
Suppose 7 + 5 = -4*i, 450 = 5*v - 5*i. Calculate the remainder when v - (-4 - -2) - 1 is divided by 13.
10
Suppose 2*x = -3*x + 75. Calculate the remainder when 6/(4 + 84/(-22)) is divided by 2/2*(x - -2).
16
Suppose -3*p - p + 4*n + 144 = 0, -141 = -4*p + 3*n. What is the remainder when 94 is divided by p?
28
Suppose -37*o - 4*j - 28 = -45*o, -3*j = 9. Calculate the remainder when 29 is divided by o.
1
Let x(t) be the second derivative of -5*t**3/2 + t**2 - 8*t. What is the remainder when 48 is divided by x(-1)?
14
Let q = -220 - -265. What is the remainder when 132 is divided by q?
42
Let h(t) = -14*t - 303. Calculate the remainder when 42 is divided by h(-23).
4
Suppose 1796 - 1776 = q. What is the remainder when 46 is divided by q?
6
Let l = -161 + 258. Let g be -2*(2/(-3) + (-85)/30). Let v(i) = -2*i + 39. Calculate the remainder when l is divided by v(g).
22
Suppose -5*q + 22 = -2*d, 0 = -7*q + 3*q - 3*d + 13. Suppose 2*j = -0*s - 3*s + 21, -q*j + 12 = 0. Calculate the remainder when 13 is divided by s.
3
Let p(x) = 14*x**2 + 75. Calculate the remainder when p(0) is divided by 25.
0
Let p be (0 + 5)*9/(-15). Suppose 13 = 4*f - 3*b, 3*b - 2*b + 3 = 0. What is the remainder when 44 is divided by f + 2 - 36/p?
14
Suppose 0 = 4*r + 2*m - 3 + 7, 0 = 4*m + 8. Suppose -3*i - 17 + 125 = r. Suppose -3*n = n - i. Calculate the remainder when 16 is divided by n.
7
Suppose 2007 = -14*r + 649. Let q(c) = -2*c**3 + c**2 - 4*c - 6. Let u be q(-4). Let x = r + u. Calculate the remainder when x is divided by 15.
12
Suppose 0 = 5*b - 16 - 129. Let v(a) = -2*a**3 - 6*a**2 - 2*a - 3. Let n be v(-4). Let o = n + -21. What is the remainder when b is divided by o?
13
Let i be 6/15 + (-108)/20. Let q(l) = -l**2 - 9*l + 4. What is the remainder when (-4)/14 + (-1968)/(-28) is divided by q(i)?
22
Let g(o) = 3*o**2 - 6*o + 8. Let h(s) = -2*s**2 - 12*s + 4. Let a be h(-6). What is the remainder when 159 is divided by g(a)?
31
Let g = 932 + -895. Suppose -o - 6*c + 4*c = -7, o = -5*c - 2. What is the remainder when g is divided by o?
11
Suppose 5*o - 10 = -5*v, 3*o + 5*v - 2 - 2 = 0. Suppose -4*d + 24 = -5*m, -m + 0*m - o*d = 1. Calculate the remainder when 52 is divided by 6 - (m + (1 - 0)).
7
Suppose i = -2*c + 23, 44 = 3*i + i - 4*c. Suppose 5*r + 9 + 11 = 0. Let q = r + i. Calculate the remainder when 41 is divided by q.
8
Suppose -3*z - 11 = -59. Suppose 10 = -3*y + z. What is the remainder when (40/(-6))/4*-3 is divided by y?
1
Suppose -5*b + 123 = -2*b + p, -3*b - 3*p + 129 = 0. What is the remainder when 276 is divided by b?
36
Let l be (-2)/12 + (-19095)/(-90). Suppose 0 = 20*p - 16*p - l. Calculate the remainder when p is divided by 16.
5
Let o = -18 + 41. Let g = -15 + o. Let z = 36 + -21. What is the remainder when z is divided by g?
7
Let o = 10 + 9. What is the remainder when 32 is divided by o?
13
Let m = -2 - -8. Suppose -2*p = -2*n + 14, -n = 3*n + p - 23. Suppose 3*k - m = n. What is the remainder when k is divided by 3?
1
Suppose -525 + 885 = 10*h. What is the remainder when 214 is divided by h?
34
Let c be (-4)/14 + 888/168. Suppose 7*r - c*r - 42 = 0. Calculate the remainder when r is divided by 6.
3
Suppose 2*v - 3 + 5 = 0. Let t(h) = -5*h**2 + 2*h + 1. Let f be t(v). Calculate the remainder when 28*((-15)/f - 2) is divided by 9.
5
Let s(p) = 554*p + 3347. Suppose 0 = -2*u - 2*k + 272, 5*u = 7*k - 2*k + 690. Calculate the remainder when u is divided by s(-6).
22
Suppose -803 + 117 = 14*t. Let d = 98 + t. Suppose 5*i - 34 = 31. What is the remainder when d is divided by i?
10
Let j(v) = 2*v**2 - 25*v - 123. What is the remainder when 323 is divided by j(-4)?
8
Suppose -2*n + 585 = 3*n. Let a(d) = -2*d + 16. Let i be (-3)/(12/34) + 30/20. Calculate the remainder when n is divided by a(i).
27
Let v(c) = 5*c**2 - 11*c + 13. Calculate the remainder when v(6) is divided by 19.
13
Let f(w) = 8*w - 22. Calculate the remainder when f(29) is divided by 59.
33
Let r = -1750 - -2698. Calculate the remainder when r is divided by 95.
93
Let t(x) = 4*x**2 + x. Let j(o) = -o - 14. Let k be j(-14). Suppose 4*g = 12, k*w + 5*w = -5*g + 110. Calculate the remainder when w is divided by t(1).
4
Let w(i) = -18*i - 7. Let d = 111 + 4. What is the remainder when d is divided by w(-2)?
28
Suppose 3*d - 6 = 0, -5*i + 0*i + 204 = 2*d. Suppose -i - 16 = -4*m. Let c(b) = b + 17. What is the remainder when m is divided by c(-13)?
2
Let t(i) = i**3 - 5*i**2. Let r be t(4). Let k = r - -17. Suppose k + 7 = 4*g. What is the remainder when 3 is divided by g?
1
Suppose 372 = -138*z + 150*z. What is the remainder when 65 is divided by z?
3
Suppose 0 = -2*l - j + 107, -3 - 229 = -4*l + 4*j. Calculate the remainder when l is divided by (-262)/3275 + 477/25.
17
Let c be -4 + 1 - (-5 - 0). Suppose g + 5*j = -4*g + 10, g = -c*j. Suppose 2*a - 5*w = 5*a - 34, g*a - 22 = 5*w. What is the remainder when 21 is divided by a?
5
Let h be 28/42*-1*12. Let k = 18 - h. Calculate the remainder when 51 is divided by k.
25
Suppose -3*v + 2*v - 5*c = -9, 2*v = 5*c + 63. Calculate the remainder when 68 is divided by v.
20
Let m be 1445/35 + -6 + 4/(-14). Let w = m + -24. What is the remainder when w is divided by (1 - (6 + 2))*-1?
4
Let n(r) = -142*r + 50. What is the remainder when n(-3) is divided by 2?
0
Let o(s) = -41*s + 106. Calculate the remainder when 162 is divided by o(2).
18
Let l be (2 + -3)/(2/(-4)). Let w be -1 + 2 + 2/l. Suppose 0 = w*a + 40 - 134. What is the remainder when a is divided by 16?
15
Let w = -29 + 138. Let x(v) = v**2 - 13*v + 14. Calculate the remainder when w is divided by x(14).
25
Let x = -157 + 174. Suppose -3*y + 2*f + 100 = 0, 2*f = -5*y - 2*f + 152. What is the remainder when y is divided by x?
15
Let o(z) = -23*z - 71. What is the remainder when o(-11) is divided by 47?
41
Let w(j) = -j**3 - 7*j**2 + 2*j - 24. What is the remainder when w(-9) is divided by 33?
21
Let u be 1 - (-4 - -1) - -21. Suppose 3*v - 54 = -2*r - 9, v = -4*r + u. What is the remainder when ((2*1)/(-2))/(23/(-828)) is divided by v?
10
Suppose 191*c = 201*c - 300. What is the remainder when 688 is divided by c?
28
Suppose 8 = 2*w - 84. Calculate the remainder when 88 is divided by w.
42
Suppose 5 + 22 = 9*u. Suppose 3*q + 2*a = 2*q + 12, -q + u*a = 13. What is the remainder when 4 is divided by q?
0
Suppose -1 = -x + 16. Suppose 2*w + 238 = 4*g, -2*w + 61 - 14 = g. What is the remainder when g is divided by x?
6
Suppose 7 + 5 = -4*w. Let m = w + 13. Calculate the remainder when 18 is divided by m.
8
Suppose -y - 133 = -3*q, -15 = y - 4*y. Suppose -2*k + 47 = 4*x + x, 3*x = 9. What is the remainder when q is divided by k?
14
Let v be 143/44 + 2/(-8). Suppose v*j + 372 = 9*j. Calculate the remainder when 13 is divided by (-1)/6 - j/(-12).
3
Let k = 13 - 5. Let d = 4 - 24. Let i = d - -57. What is the remainder when i is divided by k?
5
Calculate the remainder when 231 is divided by ((-4)/4 - -7)*26/4.
36
Suppose -4*t - 3*q = -0*q - 20, 2*t + 16 = 5*q. Let g(h) = 10*h**2 - h. Let c be g(1). Suppose 2*a + a - c = 0. What is the remainder when a is divided by t?
1
Let t(o) = -5*o + 29. What is the remainder when 19 is divided by t(3)?
5
Let j be (-50)/4*(-78)/5. Suppose 2*b = -3*b + j. Suppose -38 = -4*w - g, 0 = 2*w - 5*g - 1 - 29. Calculate the remainder when b is divided by w.
9
Let f(y) = -2*y - 15. Let s(z) = z + 8. Let m(x) = 6*f(x) + 13*s(x). What is the remainder when 58 is divided by m(6)?
18
Suppose 2*u - 4 = 4*t, -5*u + 2 + 8 = 3*t. Suppose 2*o + 5 = z, 0*z - u*z = -2*o - 10. What is the remainder when 3 is divided by (-1 - (-12)/3) + o?
0
Let a(o) = o**3 - 10*o**2 + o + 1. Suppose -5*f + 57 + 49 = -2*z, 5*f + z - 97 = 0. What is the remainder when f is divided by a(10)?
9
Suppose 24*f = -4*h + 20*f + 116, 3*f = 0. Calculate the remainder when 147 is divided by h.
2
Let q be (466/10 - 12/20) + -4. Suppose 0 = -h - h + q. What is the remainder when 60 is divided by h?
18
Suppose 3*l - 10 + 1 = 0. Suppose l*p + 39 = 3*c, -c + 13 = 5*p - 12. Calculate the remainder when ((-176)/(-264